 + -1?
-5cc
In base 8, what is -2070 + -247?
-2337
In base 2, what is -11010110110011001010 - 110?
-11010110110011010000
In base 16, what is -150d9 + -1?
-150da
In base 6, what is -5 + -2231415?
-2231424
In base 12, what is -3 - -74331?
7432a
In base 5, what is -21103 - 2424?
-24032
In base 5, what is 1314043 + -2?
1314041
In base 16, what is -b + 991?
986
In base 14, what is -426b + -50?
-42bb
In base 4, what is -33012211 - 21?
-33012232
In base 9, what is 5 + 170440?
170445
In base 12, what is 5b9 + 28?
625
In base 2, what is -10010001111010001 - -11?
-10010001111001110
In base 5, what is -113 - 1032321?
-1032434
In base 7, what is 362464 + 4?
362501
In base 10, what is 86229 + 0?
86229
In base 12, what is -5 - -13663?
1365a
In base 4, what is -101030 - 22?
-101112
In base 16, what is -baf + -d?
-bbc
In base 4, what is -2312 - -10212?
1300
In base 7, what is -3654 - -2?
-3652
In base 4, what is -10121302201 + -1?
-10121302202
In base 10, what is 23 + 1047?
1070
In base 13, what is 20a0 + 31?
2101
In base 6, what is 211034 - 34?
211000
In base 14, what is 1949b + -8?
19493
In base 14, what is 8b55 - 83?
8ab2
In base 4, what is 11220 - -20?
11300
In base 7, what is -11446 - -41?
-11405
In base 12, what is 551a - 5?
5515
In base 4, what is -2001 - -101313?
33312
In base 16, what is 239 - ad?
18c
In base 9, what is 3 - 45804?
-45801
In base 11, what is -13a99 - 7?
-13aa5
In base 12, what is -9 + -b7449?
-b7456
In base 7, what is -16 - -3166344?
3166325
In base 16, what is e + 8699?
86a7
In base 9, what is -846 - -256?
-580
In base 3, what is 2 - -1212212121?
1212212200
In base 2, what is -10111110101 + 101101110?
-10010000111
In base 15, what is -4 + 815?
811
In base 8, what is -33 + 117135?
117102
In base 7, what is -2323555 - -1?
-2323554
In base 15, what is -24aa + -b?
-24b6
In base 11, what is 112 - -1331a?
13431
In base 11, what is 174aa2 - -3?
174aa5
In base 4, what is 3 + 312020323?
312020332
In base 3, what is 1111212212 - -2001?
1111221220
In base 5, what is -33414 - 0?
-33414
In base 15, what is 4 + -213c?
-2138
In base 13, what is 30 - -2bc?
31c
In base 6, what is 1310 + -1455?
-145
In base 2, what is 1011110101 + -1000001000?
11101101
In base 6, what is 10 + -10500?
-10450
In base 3, what is -1202 + 1122002?
1120100
In base 10, what is 40470 - -67?
40537
In base 11, what is 230483 + 1?
230484
In base 5, what is 1224231 + 1130?
1230411
In base 14, what is 63 - b9b?
-b38
In base 14, what is 6 + -5ab3?
-5aab
In base 11, what is 117 - -219?
335
In base 12, what is 13b4 - 148?
1268
In base 14, what is -1001 + -c?
-100d
In base 13, what is 3b - 3cc?
-391
In base 14, what is -45 + 21c44?
21bdd
In base 5, what is -30212 - 14?
-30231
In base 13, what is 4c30b3 - 2?
4c30b1
In base 7, what is -56 + 666?
610
In base 11, what is -4 + -3154?
-3158
In base 3, what is 10 + 2010212112?
2010212122
In base 12, what is 2 - 561b?
-5619
In base 9, what is 3070 - -75?
3155
In base 9, what is -32 - 3875?
-4017
In base 3, what is 21101 - 212112211?
-212021110
In base 4, what is -2 - 10022011?
-10022013
In base 14, what is -155d + -3?
-1562
In base 5, what is -30400233 + -3?
-30400241
In base 11, what is 179438 - -1?
179439
In base 2, what is -100 + -11111101110011110010?
-11111101110011110110
In base 10, what is 24342 + -155?
24187
In base 4, what is -31111323 + -1?
-31111330
In base 15, what is -5c - 2d3?
-340
In base 15, what is -34 - 6a5?
-6d9
In base 3, what is 2002010012 + 10?
2002010022
In base 6, what is -342 - 32300?
-33042
In base 7, what is 1 + -34632?
-34631
In base 4, what is 1120 - -1031013?
1032133
In base 6, what is 240 + -5021?
-4341
In base 13, what is -7 + 2c7ac?
2c7a5
In base 14, what is -bc - 11?
-cd
In base 2, what is -1100110000 + 1110110?
-1010111010
In base 9, what is 16 + -302015?
-301888
In base 13, what is -1 - 167a?
-167b
In base 4, what is -22100 - -1231?
-20203
In base 12, what is -724 - 338?
-a60
In base 8, what is 1 + 74631?
74632
In base 11, what is 181 + 8?
189
In base 15, what is -34978d + -4?
-349792
In base 11, what is 31a13 - -1?
31a14
In base 15, what is 1e9564 + 4?
1e9568
In base 11, what is 1 + -1357?
-1356
In base 2, what is -11111111000 - -1000101?
-11110110011
In base 4, what is 120 - -201210100?
201210220
In base 6, what is -332100 + -11?
-332111
In base 7, what is 1 - 3103034?
-3103033
In base 9, what is 46 - -1226?
1273
In base 4, what is -11 + -232223311?
-232223322
In base 8, what is 5 + 106750?
106755
In base 5, what is -13330421 - 0?
-13330421
In base 6, what is -410 + 3455?
3045
In base 3, what is 11210 + 2021?
21001
In base 15, what is 10d - 82?
7b
In base 13, what is 0 + -b30a?
-b30a
In base 2, what is 100 + -111000100100101?
-111000100100001
In base 8, what is -152456 - 3?
-152461
In base 16, what is -37a + 11d7?
e5d
In base 13, what is bb640 - -5?
bb645
In base 3, what is -100 + 202212221?
202212121
In base 9, what is 23213 + 0?
23213
In base 13, what is 2 + 6c118?
6c11a
In base 13, what is 2 + -76b4?
-76b2
In base 2, what is 10110110000111111 - -1100?
10110110001001011
In base 11, what is 2232 + -42?
21a0
In base 5, what is 0 - -301434?
301434
In base 10, what is 17 + -4260?
-4243
In base 5, what is 4 + 200443?
201002
In base 11, what is -3979 + 0?
-3979
In base 7, what is 1026232 + 32?
1026264
In base 16, what is 17 - 1deb?
-1dd4
In base 6, what is 1155450 - 50?
1155400
In base 7, what is -4 - 45431?
-45435
In base 11, what is -10a8a4 - -2?
-10a8a2
In base 9, what is -58 + -100?
-158
In base 3, what is 10110 - 121011?
-110201
In base 6, what is -21 + 120145?
120124
In base 10, what is -1252 - -33?
-1219
In base 3, what is -2 - 11210110221?
-11210111000
In base 7, what is 203 - 4035?
-3532
In base 9, what is 2733 - 302?
2431
In base 9, what is -467 + 108?
-358
In base 4, what is 222 - 233310?
-233022
In base 9, what is -385 + -77?
-473
In base 2, what is -101 + -1011110010011111?
-1011110010100100
In base 14, what is -269 - -97?
-1b2
In base 10, what is 127 + -4176?
-4049
In base 6, what is -31144121 + 0?
-31144121
In base 14, what is 1835 + -d?
1826
In base 11, what is -749 - -3?
-746
In base 4, what is 3 + -3002330?
-3002321
In base 14, what is -3a4 - -15d1?
122b
In base 13, what is 6600 - -76?
6676
In base 14, what is -44 + 5b7?
573
In base 5, what is -123100 - -103?
-122442
In base 16, what is -11d - -176?
59
In base 6, what is 4 + -34204?
-34200
In base 3, what is -20010011 - -12?
-20002222
In base 6, what is -5 - 122115?
-122124
In base 10, what is 4 + 451443?
451447
In base 12, what is -4 - -558951?
558949
In base 16, what is 3942a - 1?
39429
In base 6, what is -1 + -3351514?
-3351515
In base 6, what is 33 - 112?
-35
In base 14, what is 11a97 - -8?
11aa1
In base 13, what is 13a4 - -53?
1427
In base 13, what is -4285 - 2?
-4287
In base 7, what is -12 - 64256?
-64301
In base 9, what is -12 - 781?
-803
In base 12, what is -1 + -36375?
-36376
In base 8, what is 244 - -5050?
5314
In base 15, what is -398dee - 4?
-398e03
In base 12, what is 668 - -110a?
1776
In base 8, what is -7 + 566546?
566537
In base 2, what is -111111000100 - -100001?
-111110100011
In base 2, what is 10111001 + -10001000010?
-1110001001
In base 8, what is -1175 + -4405?
-5602
In base 9, what is -1550 + 526?
-1023
In base 11, what is -424 + -229?
-652
In base 13, what is -4 - b2b5?
-b2b9
In base 9, what is 1760 - -31?
1801
In base 12, what is 55 + -2743?
-26aa
In base 16, what is 11 - b1b5?
-b1a4
In base 15, what is -5 - -be3e?
be39
In base 5, what is 41 + -110214?
-110123
In base 5, what is -3 - 1011442?
-1012000
In base 7, what is 1 - 103631?
-103630
In base 10, what is 4 + -9419?
-9415
In base 9, what is 0 + 2272448?
2272448
In base 7, what is -1434245 + 50?
-1434165
In base 12, what is -2 - -3437?
3435
In base 11, what is -1 + -121a5?
-121a6
In base 9, what is 7307 + 330?
7637
In base 2, what is 10001101110010 - 10?
10001101110000
In base 7, what is -12 - 4346?
-4361
In base 15, what is -25 + -99?
-be
In base 16, what is -3 - -4225?
4222
In base 8, what is -16 - -226526?
226510
In base 8, what is 3 + -763551?
-763546
In base 7, what is -34545 + -1?
-34546
In base 7, what is 2153 + 261?
2444
In base 5, what is 0 + -421244133?
-421244133
In base 13, what is 6 + -a6a0?
-a697
In base 16, what is -a + -1917?
-1921
In base 4, w